+ 6*h - 27. Let c = h - 11. What is the highest common divisor of 128 and c?
16
Suppose 0 = 2*y - v - 87, 0*y + v - 138 = -3*y. Calculate the highest common divisor of y and 15.
15
Let u be -2*3/12*-12. Let f be 1/((3/(-11))/(-3)). Let k(z) = z - 2. Let l be k(f). Calculate the highest common factor of l and u.
3
Let w(f) = 23*f + 1. Let v be w(1). Let p = -9 + v. Suppose 0*z = -z - 5*r + p, 5*z + r = 195. Calculate the highest common factor of z and 8.
8
Let d = 22 - 20. Suppose -d*z + 3*u + 19 = 0, u - 2*u + 5 = 5*z. Calculate the greatest common factor of z and 6.
2
Let x be (-4)/4 + 2 - -139. Let s be (12/14)/(5/x). What is the highest common factor of s and 6?
6
Suppose 6 + 9 = 2*z - a, -2*z + 25 = -3*a. Calculate the highest common divisor of 20 and z.
5
Let q(r) = -r**3 + 16*r**2 + 2*r - 7. Let h be q(16). What is the highest common factor of 10 and h?
5
Suppose 324 = 5*h - 3*v - 160, 0 = -3*h + 4*v + 297. Suppose y - 10 - 9 = 0. Calculate the highest common factor of y and h.
19
Let c = -26 + 53. Let p be (18/(-5))/(22/(-165)). Calculate the greatest common factor of c and p.
27
Suppose 4*o - 44 = -l - 3*l, 5*o - 48 = -4*l. Suppose -4*j + 385 = j. Calculate the greatest common divisor of j and l.
7
Let x(y) = 5*y**2 - 7*y - 2. Let g be x(4). What is the highest common factor of g and 125?
25
Suppose -2*u - 28 = -6*u + 2*a, 7 = -u + 4*a. Calculate the greatest common divisor of u and 81.
9
Suppose 2*n - 3*z - 24 = 0, -5*n + 4*z + 74 = -0*n. Suppose -414 = 5*f + 121. Let b = 269 + f. What is the greatest common divisor of n and b?
18
Suppose -3*b + 23 = -13. Suppose 5*o + 20 = -0. Let i be o/b - (-34)/3. What is the greatest common divisor of i and 11?
11
Let l = -11 + 56. Let o(k) = k**2 + 8*k + 11. Let m be o(-9). Let g = m - 11. What is the highest common divisor of l and g?
9
Let l(y) = y**3 - 3. Let r be l(2). Suppose m - 1 = c, 2*c = -r*m + 6*m + 1. Let h be (2 - 0)/(-2) + 4. Calculate the highest common factor of c and h.
1
Let j = 23 - 26. Let i(q) = -3*q**3 - 4*q**2 + 2*q + 3. Let k be i(j). Calculate the greatest common factor of 28 and k.
14
Suppose 0 = 5*j + 31 - 181. Calculate the greatest common factor of j and 30.
30
Let n be 132/(-15)*5/(-2). Suppose -3*h = 5*s - 77, 3*s + 3 - n = 5*h. Calculate the greatest common factor of s and 65.
13
Let l(j) = -j + 11. Let u be l(6). What is the greatest common divisor of u and 20?
5
Suppose 4*n - 172 = 84. Calculate the greatest common divisor of n and 8.
8
Let n = 57 + -24. Let b be (-6)/(-4) - (-15)/10. Calculate the greatest common divisor of b and n.
3
Let o be ((-522)/(-4))/(2/4). Suppose 11 = -5*a + o. Let g be (10 - 0)/(-4 + 5). What is the highest common divisor of g and a?
10
Let r be 1/1*1 + 16. Calculate the greatest common divisor of r and 153.
17
Let u be 5/(-25)*(-5)/1. Let q = 5 + u. Let o be 3/(1*q/4). What is the highest common divisor of o and 14?
2
Suppose 4*x - 134 = -2*d + 726, d = -x + 432. Suppose 3*r + d = -q, 16 = 6*q - 2*q. Let b = r + 223. Calculate the greatest common factor of b and 7.
7
Suppose 5*f - 2*c = 430, 3*f + 3*c = c + 274. Calculate the greatest common factor of 11 and f.
11
Let g(x) = -2*x**2 + 9*x + 45. Let v(u) = u**2 - 5*u - 23. Let y(c) = 6*g(c) + 11*v(c). Let m be y(0). Calculate the highest common divisor of 85 and m.
17
Let a be (-108 + -2)*4/(-2). Suppose -695 = -5*w - a. Calculate the highest common divisor of w and 38.
19
Let t = 51 - 21. Let z = -20 + t. What is the greatest common factor of z and 2?
2
Suppose -32 = 5*b - 137. What is the greatest common divisor of b and 105?
21
Let l be ((-54)/(-4))/(1/2). Suppose -22 + 4 = -2*m. Calculate the greatest common divisor of l and m.
9
Let l = 38 + -57. Suppose x = 14 + 17. Let d = x + l. Calculate the highest common divisor of 60 and d.
12
Suppose 2*r + 2*m = 12 + 8, 0 = 3*r - m - 14. Calculate the highest common factor of r and 54.
6
Suppose 6 = 3*y + 2*y - n, -3*y = 5*n - 26. What is the highest common factor of y and 3?
1
Suppose -420 = -5*l + 4*h, l - 7*h - 63 = -2*h. What is the highest common factor of 33 and l?
11
Let b be 7/4 - 9/12. Let q be (-2)/b - -5 - -61. Calculate the greatest common factor of q and 16.
16
Suppose -2*z = 3*z + 5*i - 120, -z = 4*i - 39. Let d be 8/20*(z + 1). Calculate the highest common divisor of d and 72.
8
Let b(w) = -w**3 - 2*w + 3. Let h be b(-4). Calculate the highest common divisor of h and 30.
15
Let d = 19 + -5. Suppose 3*o + 2*o + 225 = 0. Let y = o + 87. What is the highest common divisor of d and y?
14
Suppose 0 = c + 3*c + 12, 2*t + 3*c = 75. Calculate the highest common divisor of t and 6.
6
Suppose 21 = j + p - 0*p, 5*p = -j + 1. Let s = -52 + 117. What is the greatest common factor of s and j?
13
Let x(m) = -m**2 + 32*m - 44. Let d be x(18). What is the greatest common divisor of d and 13?
13
Suppose g = -2*g - 3*o + 27, 20 = -4*o. Suppose 0 = -3*h + 5*h - 4. Let c = h - 0. Calculate the greatest common divisor of g and c.
2
Let p be -137 - (-1 - -2)*-2. Let g = 198 + p. What is the highest common divisor of 42 and g?
21
Let a = -44 + 48. Calculate the highest common divisor of 44 and a.
4
Let r be (-6)/(-3) - (-8 - -1). What is the highest common divisor of r and 36?
9
Suppose -2*q = 2*x + 378, 0 = -x + 3*q - q - 177. Let t = -80 - x. What is the greatest common divisor of 15 and t?
15
Let a be (58/4)/(5/10). Calculate the greatest common factor of a and 261.
29
Let b(z) = z**3 + 4*z**2 - 4*z. Let i be b(-4). Suppose 2*d = 26 - 10. Calculate the greatest common factor of d and i.
8
Let p = 3 - 7. Let x = 23 + p. Calculate the greatest common factor of 57 and x.
19
Suppose 3*z = 0, 6*w - 2*w - 4*z - 288 = 0. Let h = w - 46. Let t = 106 + -67. What is the greatest common factor of h and t?
13
Let d(v) = 2*v + 1. Let q be d(3). Let p be (-1 - -1)*q/(-7). Suppose p = -5*y + y + 20. Calculate the highest common factor of y and 25.
5
Let m(f) = f**3 + 5*f**2 + 3*f - 1. Let p be m(-4). Suppose 1 = p*t - 38. Suppose -w - w = -52. Calculate the greatest common factor of w and t.
13
Let y = 7 + -5. Let w(q) = 0 - y*q - 4 - 3. Let a be w(-5). What is the greatest common divisor of a and 2?
1
Let i(z) = z - 2. Let j be i(7). Let s(g) = 6 - g - g + g. Let q be s(j). Calculate the greatest common divisor of q and 2.
1
Suppose 291 + 29 = 5*x. What is the greatest common factor of 8 and x?
8
Let u = -17 + 35. Suppose -4*z = -5*x + 1902, -5*x - 3*z - 513 = -2394. Suppose 0*q - x = -3*q. Calculate the greatest common divisor of q and u.
18
Let d = -7 + 21. Let k = 59 + -24. Calculate the highest common factor of d and k.
7
Let f = 42 - 30. Calculate the greatest common divisor of f and 3.
3
Let l be (-4)/(-8) - 2/4. Suppose -2*x + 8 - 256 = l. Let s = x - -180. What is the greatest common divisor of s and 8?
8
Let d = -22 + 30. Calculate the greatest common factor of 64 and d.
8
Let y = 4 - 2. Suppose 42 = 4*k + y. Suppose 3*p + 3*q - 41 + 2 = 0, 17 = 2*p - q. What is the highest common divisor of k and p?
10
Let a be (1/(-2))/((-2)/20). Suppose 0 = a*f - 3*f. Suppose f = 3*s - 8*s + 40. Calculate the greatest common factor of 8 and s.
8
Suppose 0 = -q - 9 + 105. What is the greatest common factor of 32 and q?
32
Suppose -n - 4*n = -r, n + 36 = 2*r. Calculate the greatest common factor of 8 and r.
4
Let b = -3 + 15. What is the highest common divisor of 48 and b?
12
Suppose 4*f - 2*i = 6*f - 342, -f - 4*i + 156 = 0. What is the highest common divisor of 16 and f?
16
Let x = 67 - 57. What is the highest common factor of 2 and x?
2
Let b = 94 - 50. Calculate the highest common divisor of 4 and b.
4
Let y be 1 - (2 + (-5 - -3)). Let h be y/(2/(-2 - -10)). Suppose -h = c - 9. Calculate the greatest common factor of 45 and c.
5
Let s(t) be the first derivative of -t - 4*t**2 + 1/4*t**4 + 1 + 8/3*t**3. Let x be s(-7). Calculate the highest common divisor of 13 and x.
13
Let r be ((-57)/38)/(2/(-12)). What is the greatest common divisor of 63 and r?
9
Let z(q) = -q**2 - 8*q + 6. Let l be (8 + -3 + 2)*-1. Let m be z(l). Calculate the greatest common factor of 91 and m.
13
Let n(d) = -d**2 + 4*d + 7. Let a be n(4). Suppose -5 - a = -2*p. What is the greatest common divisor of p and 30?
6
Let c = 5 - -7. What is the highest common factor of 18 and c?
6
Let a(r